etermine a(36).
-37
Let z(h) = -16981*h + 798112. Calculate z(47).
5
Let a(f) = -245*f**2 - 2737*f - 463. Give a(-11).
-1
Let v(g) = -5*g**2 + 351*g + 7391. Give v(-17).
-21
Let j(n) = -n**3 - n**2 + 88*n + 72. Calculate j(10).
-148
Let f(t) = 7*t**3 + 1047*t**2 + 2601*t + 298739. Give f(-149).
-6
Let j(p) = -2*p**3 + 18*p**2 - 1407*p - 17826. Give j(-10).
44
Let x(m) = 64323*m - 8554962. Give x(133).
-3
Let g(z) = 1286*z - 276711. Give g(215).
-221
Let c(j) = 624*j + 24806. What is c(-40)?
-154
Let l(s) = -103*s**2 - 1446*s + 2898. Determine l(2).
-406
Let c(a) = 93447*a + 7943017. Determine c(-85).
22
Let m(n) = -9494*n + 7804048. Calculate m(822).
-20
Let j(v) = 226*v + 127060. Give j(-562).
48
Let u(g) = -2*g**2 - 49*g + 1452. What is u(-34)?
806
Let y(d) = d**3 - 1141*d**2 + 17925*d + 84383. What is y(1125)?
8
Let d(n) = 2*n**3 + 17*n**2 - 277*n + 121. Determine d(8).
17
Let m(n) = -2*n**3 + 56*n**2 + 301*n + 969. Calculate m(33).
12
Let i(b) = -b**3 - 1382*b**2 + 6926*b + 29. Determine i(5).
-16
Let z(x) = 1565*x + 117424. What is z(-75)?
49
Let v(g) = g**2 - 38389*g - 1883461. Give v(-49).
1
Let d(k) = 43*k**2 - 464*k - 5353. Determine d(-7).
2
Let q(k) = k**2 + 36505*k + 13. Determine q(0).
13
Let w(j) = 1298*j - 198584. Give w(153).
10
Let d(h) = -5236*h + 5329. Give d(1).
93
Let o(h) = -45*h**2 + 185*h + 198. Calculate o(5).
-2
Let a(i) = 2*i**3 - 125*i**2 + 630*i - 19833. Give a(60).
-33
Let d(l) = -7*l**3 + 36*l**2 + 370*l - 13. Calculate d(-7).
1562
Let g(h) = -3*h**3 - 139*h**2 - 829*h + 7. Determine g(-7).
28
Let s(n) = n**3 + 17*n**2 + 37*n + 358. Calculate s(-15).
253
Let m(g) = -427*g**2 + 1995*g - 1997. Determine m(1).
-429
Let x(t) = -t**3 - 117*t**2 + 1892*t - 11644. Determine x(-132).
-28
Let j(l) = -6*l**2 + 17686*l - 1005606. Calculate j(58).
-2
Let d(k) = 174*k - 3993. Give d(22).
-165
Let f(t) = 21*t**3 - 153*t**2 + 64*t - 141. Determine f(7).
13
Let n(x) = -4*x**3 + 53*x**2 - 76*x - 507. Calculate n(10).
33
Let d(r) = -90268*r**2 + 90547*r - 1. Calculate d(1).
278
Let y(f) = 3760091*f - 30080732. What is y(8)?
-4
Let w(g) = -g**2 + 777*g - 21810. Calculate w(29).
-118
Let u(d) = -d**3 + 31*d**2 - 293*d + 3008. Calculate u(24).
8
Let i(d) = 440*d + 15466. Give i(-36).
-374
Let h(x) = 2*x**3 - 19*x**2 - 248*x - 107. Calculate h(17).
12
Let n(p) = p**2 + 1397*p + 378730. Give n(-368).
58
Let d(j) = 2*j**2 + 8*j - 199. Give d(10).
81
Let l(y) = -437*y**3 - 18*y**2 + 162*y - 142. Calculate l(1).
-435
Let i(r) = 2*r**2 + 112*r - 200. What is i(0)?
-200
Let c(p) = 2*p**3 - 28*p**2 + 46*p - 1609. What is c(16)?
151
Let p(z) = 9*z**2 - 123*z + 11. What is p(19)?
923
Let s(n) = -91*n - 415. What is s(-4)?
-51
Let h(t) = -382*t + 42034. Give h(110).
14
Let v(w) = 211*w - 10817. What is v(50)?
-267
Let q(f) = -1865*f**2 + 7493*f + 89. Give q(4).
221
Let j(s) = -10*s**2 + 52*s + 1722. Give j(16).
-6
Let p(m) = -8703*m - 461424. Determine p(-53).
-165
Let d(o) = 1997*o + 17975. Give d(-9).
2
Let m(v) = -154*v + 2848. Give m(28).
-1464
Let f(y) = -4*y**3 + 99*y**2 - 293*y - 150. Give f(4).
6
Let t(z) = -2*z**2 + 35*z + 1454. Calculate t(-32).
-1714
Let u(d) = -d**2 - 12940*d - 37. Determine u(0).
-37
Let v(d) = 171484*d - 171512. Calculate v(1).
-28
Let n(c) = 4*c**3 + 67*c**2 - 26*c - 461. Determine n(-18).
-1613
Let n(b) = 46656*b + 419911. Give n(-9).
7
Let t(r) = 3*r**2 - 1275*r - 119310. Give t(504).
138
Let m(o) = -59*o**2 - 6607*o - 108536. Calculate m(-20).
4
Let g(m) = -2*m**2 - 18*m + 1087. Give g(15).
367
Let r(x) = 14*x**2 + 29749*x - 149121. Give r(5).
-26
Let c(m) = -3*m**3 - 60*m**2 - 670*m - 11584. Determine c(-19).
63
Let w(z) = z**2 - 4262*z - 17048. What is w(-4)?
16
Let h(j) = 4*j**3 - 90*j**2 - 379*j + 7660. What is h(23)?
1
Let v(z) = z**3 + 30*z**2 - 52*z + 72. What is v(-32)?
-312
Let v(o) = 58652*o + 4. Give v(0).
4
Let d(b) = 110655*b + 28438335. What is d(-257)?
0
Let k(c) = -109*c - 2753. Calculate k(-38).
1389
Let m(n) = 3259*n - 237906. Determine m(73).
1
Let p(h) = 2*h**3 - 69*h**2 - 23*h - 412. Determine p(35).
8
Let b(a) = 5957*a + 1191408. Calculate b(-200).
8
Let q(r) = r**3 + 8*r**2 + 2408*r + 21746. Calculate q(-9).
-7
Let l(t) = -274*t - 10692. Determine l(-39).
-6
Let y(t) = -25657*t - 5131406. Determine y(-200).
-6
Let w(q) = 2*q**3 + 9*q**2 - 213*q + 1194. Calculate w(7).
830
Let t(z) = 311*z + 16792. Calculate t(-53).
309
Let f(c) = 2*c**3 - c**2 - 24*c + 414. What is f(9)?
1575
Let u(j) = -2*j**3 + 21*j**2 - 24*j - 3. What is u(6)?
177
Let g(k) = -212*k - 3228. Give g(-17).
376
Let u(j) = 11*j**2 + 457*j + 276. Give u(-40).
-404
Let r(x) = -1280*x + 9751. Calculate r(8).
-489
Let g(h) = -33*h**2 + 1255*h - 79. Give g(38).
-41
Let x(b) = 838*b**3 - b**2 - 75*b + 77. Calculate x(1).
839
Let g(i) = -9832*i + 49193. What is g(5)?
33
Let y(x) = -x**3 - 3*x**2 + 638*x + 15. What is y(26)?
-3001
Let f(t) = -345607*t - 691190. What is f(-2)?
24
Let d(l) = l**3 + 29*l**2 + 193*l - 128. What is d(-18)?
-38
Let f(k) = -k**2 - 741*k - 7954. Determine f(-11).
76
Let y(q) = 615*q + 90260. Calculate y(-147).
-145
Let q(s) = -5789*s + 135015. What is q(23)?
1868
Let u(y) = -454292*y + 1362878. Calculate u(3).
2
Let s(v) = v**3 - 524*v**2 + 3124*v - 542900. Give s(520).
-20
Let r(c) = 1363*c + 1003176. What is r(-736)?
8
Let x(v) = -2*v**3 - 42*v**2 - 96*v - 367. What is x(-19)?
13
Let o(l) = -293353*l + 1466754. Calculate o(5).
-11
Let o(j) = j**3 + 141*j**2 + 1109*j + 22838. Determine o(-134).
-76
Let j(b) = b**3 + 343*b**2 + 460*b - 75682. Calculate j(-341).
20
Let p(y) = 35*y**2 - 1368*y - 59232. Determine p(-26).
-4
Let f(g) = 4244*g - 79712. Give f(19).
924
Let k(o) = 17618*o - 27. Calculate k(0).
-27
Let q(o) = o**2 + 145*o + 924. Determine q(-6).
90
Let w(x) = -37*x**2 + 4926*x + 222. Determine w(133).
887
Let o(d) = d**3 + 10*d**2 - 1892*d + 5592. What is o(3)?
33
Let p(l) = -925*l**2 - 75*l + 76. Give p(1).
-924
Let q(o) = -8690*o - 43401. Give q(-5).
49
Let q(w) = -26463*w - 10611669. Calculate q(-401).
-6
Let y(r) = -2*r**3 - 13*r**2 + 12*r + 10. Give y(-8).
106
Let g(p) = p**3 + 51*p**2 + 266*p + 31. Calculate g(-44).
1879
Let n(w) = 14*w**3 + 370*w**2 - 156*w + 113. Give n(-27).
-1507
Let x(c) = 3*c**2 - 682*c - 805. What is x(230)?
1035
Let a(h) = -4*h**3 + 124*h**2 + 158*h - 4956. Determine a(31).
-58
Let v(d) = d**3 + 308*d**2 + 938*d + 6999. Give v(-305).
-16
Let i(n) = -10*n**2 - 94*n - 693. Give i(-9).
-657
Let g(m) = 2*m**2 - m + 96. What is g(-15)?
561
Let g(f) = -1868*f - 32968. Calculate g(-17).
-1212
Let w(l) = 9*l + 1250. Give w(-141).
-19
Let n(x) = -2*x**2 - 4067*x + 216905. Calculate n(52).
13
Let m(i) = 1857*i - 20482. Calculate m(11).
-55
Let s(q) = -2*q**2 - 202*q + 7798. Calculate s(32).
-714
Let s(q) = -6*q**2 - 157*q + 84. Calculate s(-27).
-51
Let y(x) = -5*x**2 - 316*x + 88. What is y(-59)?
1327
Let c(z) = 584525*z + 5260748. Calculate c(-9).
23
Let z(a) = 3*a**2 - 2408*a - 280047. Give z(-103).
-196
Let s(l) = 2*l**2 - 9733*l - 461883. What is s(-47)?
-14
Let i(s) = s**3 + 359*s**2 - 2944*s - 2936. Calculate i(-367).
0
Let c(k) = k**3 + 354*k**2 + 22860*k - 433. What is c(-85)?
-8
Let x(s) = 421*s**2 + 4264*s + 533. Calculate x(-10).
-7
Let a(f) = 23*f**3 - 3*f**2 + 236*f + 786. What is a(-3)?
-570
Let r(f) = -f**3 + 77*f**2 - 2465*f + 15315. Determine r(8).
11
Let z(v) = -v**2 - 1389*v - 404197. Calculate z(-416).
571
Let m(n) = -n**3 - 23*n**2 + 695*n + 15857. What is m(-22)?
83
Let b(a) = -3*a**3 + 163*a**2 + 279*a + 83. What is b(56)?
27
Let d(z) = -18*z**2 + 4556*z - 600. Give d(253).
-94
Let x(c) = -6*c**3 + 215*c**2 - 941*c + 34. Determine x(31).
-1268
Let f(a) = 208577*a - 1460033. Calculate f(7).
6
Let d(w) = 4*w**3 - 63*w**2 + 4*w + 338. Give d(14).
-978
Let h(l) = -l**3 - 8*l**2 - 297*l - 2178. Determine h(-7).
-148
Let u(p) = 3*p**3 + 39*p**2 + p - 291. Calculate u(-16).
-2611
Let i(s) = 64374*s + 22273399. Determine i(-346).
-5
Let p(v) = -v**3 + 13*v**2 + 1633*v - 19736. Calculate p(12).
4
Let l(o) = 10045783*o - 40183127. Determine l(4).
5
Let w(s) = -431*s**2 + 3617*s - 4. Calculate w(7).
4196
Let t(i) = 27930*i + 502739. Give t(-18).
-1
Let i(h) = h**3 - 22*h**2 + 246*h - 4762. Give i(21).
-37
Let u(f) = f**3 - 79*f**2 + 490*f - 79. Give u(72).
-1